{"id":992856,"date":"2026-04-08T20:37:36","date_gmt":"2026-04-08T18:37:36","guid":{"rendered":"https:\/\/mazelka.pl\/?post_type=product&#038;p=992856"},"modified":"2026-04-13T12:56:12","modified_gmt":"2026-04-13T10:56:12","slug":"pianki-slodkie-zefirki-w-polewie-czekoladowej","status":"publish","type":"product","link":"https:\/\/mazelka.pl\/?product=pianki-slodkie-zefirki-w-polewie-czekoladowej","title":{"rendered":"Pianki s\u0142odkie &#8222;Zefirki MIX&#8221; 300 g"},"content":{"rendered":"<div class=\"vgblk-rw-wrapper limit-wrapper\">\n<p data-start=\"106\" data-end=\"363\">Pianki s\u0142odkie &#8222;Zefirki MIX&#8221;<br \/>\n300 g<\/p>\n<p data-start=\"132\" data-end=\"267\">Zefirki to popularne w Ukrainie owocowe pianki. Otrzymuje si\u0119 je poprzez zmieszanie piany z bia\u0142ek jaj kurzych z cukrem i przecierem owocowym, a tak\u017ce z pektyn\u0105, agarem lub \u017celatyn\u0105. Lekkie i rozp\u0142ywaj\u0105ce si\u0119 w ustach- idealne dla dzieci i doros\u0142ych!<\/p>\n<p data-start=\"269\" data-end=\"410\"><strong>Sk\u0142adniki:<\/strong> cukier, glazura cukiernicza czarna (21%): cukier, t\u0142uszcz ro\u015blinny (palmowy, cz\u0119\u015bciowo utwardzony), kakao w proszku o obni\u017conej zawarto\u015bci t\u0142uszczu, emulgator lecytyny (z soi), aromat \u201eCzekolada\u201d, s\u00f3l, aromat \u201eWanilia\u201d; syrop glukozowy, przecier jab\u0142kowy, bia\u0142ko jaja pasteryzowane, substancja \u017celuj\u0105ca \u2013 pektyna, regulatory kwasowo\u015bci: kwas mlekowy, cytrynian sodu.<\/p>\n<p data-start=\"412\" data-end=\"443\"><strong data-start=\"412\" data-end=\"441\">Warto\u015bci od\u017cywcze w 100g:<\/strong><\/p>\n<ul data-start=\"444\" data-end=\"617\">\n<li data-start=\"444\" data-end=\"488\">\n<p data-start=\"446\" data-end=\"488\">Warto\u015b\u0107 energetyczna: 353 kcal<\/p>\n<\/li>\n<li data-start=\"489\" data-end=\"544\">\n<p data-start=\"491\" data-end=\"544\">T\u0142uszcz: 7,6 g (w tym kwasy t\u0142uszczowe nasycone: 7,56 g)<\/p>\n<\/li>\n<li data-start=\"545\" data-end=\"586\">\n<p data-start=\"547\" data-end=\"586\">W\u0119glowodany: 81,4 g (w tym cukry: 47,9 g)<\/p>\n<\/li>\n<li data-start=\"587\" data-end=\"604\">\n<p data-start=\"589\" data-end=\"604\">Bia\u0142ko: 1,3 g<\/p>\n<\/li>\n<li data-start=\"605\" data-end=\"617\">\n<p data-start=\"607\" data-end=\"617\">S\u00f3l: 0,01 g<\/p>\n<\/li>\n<\/ul>\n<p data-start=\"619\" data-end=\"682\"><strong data-start=\"619\" data-end=\"638\">Przechowywanie:<\/strong><br data-start=\"638\" data-end=\"641\" \/>Przechowywa\u0107 w suchym i ch\u0142odnym miejscu.<\/p>\n<p data-start=\"684\" data-end=\"832\"><strong data-start=\"684\" data-end=\"709\">Informacje dodatkowe:<\/strong> Wyprodukowano w\u00a0 Ukrainie.<br data-start=\"731\" data-end=\"734\" \/>Dok\u0142adna data przydatno\u015bci znajduje si\u0119 na opakowaniu (nie kr\u00f3tsza ni\u017c 2 miesi\u0105ce od daty zakupu).<\/p>\n<\/div>\n<p><!-- .vgblk-rw-wrapper --><\/p>\n","protected":false},"excerpt":{"rendered":"<p data-start=\"106\" data-end=\"363\">Pianki s\u0142odkie &#8222;Zefirki MIX&#8221; 300 g<\/p>\n","protected":false},"featured_media":992911,"comment_status":"closed","ping_status":"closed","template":"","meta":[],"product_brand":[],"product_cat":[135,37,39],"product_tag":[],"class_list":{"0":"post-992856","1":"product","2":"type-product","3":"status-publish","4":"has-post-thumbnail","6":"product_cat-nowosci","7":"product_cat-pianki","8":"product_cat-piankimix","10":"first","11":"instock","12":"shipping-taxable","13":"purchasable","14":"product-type-simple"},"jetpack_sharing_enabled":true,"_links":{"self":[{"href":"https:\/\/mazelka.pl\/index.php?rest_route=\/wp\/v2\/product\/992856","targetHints":{"allow":["GET"]}}],"collection":[{"href":"https:\/\/mazelka.pl\/index.php?rest_route=\/wp\/v2\/product"}],"about":[{"href":"https:\/\/mazelka.pl\/index.php?rest_route=\/wp\/v2\/types\/product"}],"replies":[{"embeddable":true,"href":"https:\/\/mazelka.pl\/index.php?rest_route=%2Fwp%2Fv2%2Fcomments&post=992856"}],"version-history":[{"count":4,"href":"https:\/\/mazelka.pl\/index.php?rest_route=\/wp\/v2\/product\/992856\/revisions"}],"predecessor-version":[{"id":992912,"href":"https:\/\/mazelka.pl\/index.php?rest_route=\/wp\/v2\/product\/992856\/revisions\/992912"}],"wp:featuredmedia":[{"embeddable":true,"href":"https:\/\/mazelka.pl\/index.php?rest_route=\/wp\/v2\/media\/992911"}],"wp:attachment":[{"href":"https:\/\/mazelka.pl\/index.php?rest_route=%2Fwp%2Fv2%2Fmedia&parent=992856"}],"wp:term":[{"taxonomy":"product_brand","embeddable":true,"href":"https:\/\/mazelka.pl\/index.php?rest_route=%2Fwp%2Fv2%2Fproduct_brand&post=992856"},{"taxonomy":"product_cat","embeddable":true,"href":"https:\/\/mazelka.pl\/index.php?rest_route=%2Fwp%2Fv2%2Fproduct_cat&post=992856"},{"taxonomy":"product_tag","embeddable":true,"href":"https:\/\/mazelka.pl\/index.php?rest_route=%2Fwp%2Fv2%2Fproduct_tag&post=992856"}],"curies":[{"name":"wp","href":"https:\/\/api.w.org\/{rel}","templated":true}]}}