{"id":992629,"date":"2026-03-20T22:23:55","date_gmt":"2026-03-20T21:23:55","guid":{"rendered":"https:\/\/mazelka.pl\/?post_type=product&#038;p=992629"},"modified":"2026-04-08T17:46:49","modified_gmt":"2026-04-08T15:46:49","slug":"morela-z-orzechem-wloskim-w-czekoladzie","status":"publish","type":"product","link":"https:\/\/mazelka.pl\/?product=morela-z-orzechem-wloskim-w-czekoladzie","title":{"rendered":"Morela z orzechem w\u0142oskim w czekoladzie"},"content":{"rendered":"<div class=\"vgblk-rw-wrapper limit-wrapper\">\n<p data-start=\"106\" data-end=\"363\">Morela z orzechem w\u0142oskim w czekoladzie<\/p>\n<p data-start=\"1051\" data-end=\"1302\">Sk\u0142adniki: morela suszona bez pestek (55%), polewa kakaowa (30%) (cukier bia\u0142y, ca\u0142kowicie uwodorniony t\u0142uszcz ro\u015blinny, kakao w proszku, emulgator (sojowy lecytyna E322), aromaty: \u201eWanilina\u201d, \u201eKakao\u201d, s\u00f3l), podsuszone orzechy w\u0142oskie (6,5%), cukier<\/p>\n<p data-start=\"1304\" data-end=\"1340\">Warto\u015b\u0107 od\u017cywcza w 100 g produktu:<\/p>\n<ul data-start=\"1341\" data-end=\"1525\">\n<li data-section-id=\"19ff1c7\" data-start=\"1341\" data-end=\"1385\">\n<p data-start=\"1343\" data-end=\"1385\">Warto\u015b\u0107 energetyczna: 357 kcal \/ 1495 kJ<\/p>\n<\/li>\n<li data-section-id=\"vfq321\" data-start=\"1386\" data-end=\"1406\">\n<p data-start=\"1388\" data-end=\"1406\">T\u0142uszcze: 13,4 g<\/p>\n<\/li>\n<li data-section-id=\"fw8gge\" data-start=\"1407\" data-end=\"1442\">\n<p data-start=\"1409\" data-end=\"1442\">w tym t\u0142uszcze nasycone: 10,5 g<\/p>\n<\/li>\n<li data-section-id=\"sx0ncb\" data-start=\"1443\" data-end=\"1466\">\n<p data-start=\"1445\" data-end=\"1466\">W\u0119glowodany: 57,0 g<\/p>\n<\/li>\n<li data-section-id=\"1vn05fl\" data-start=\"1467\" data-end=\"1490\">\n<p data-start=\"1469\" data-end=\"1490\">w tym cukry: 48,5 g<\/p>\n<\/li>\n<li data-section-id=\"i1oefk\" data-start=\"1491\" data-end=\"1508\">\n<p data-start=\"1493\" data-end=\"1508\">Bia\u0142ko: 5,0 g<\/p>\n<\/li>\n<li data-section-id=\"16juhis\" data-start=\"1509\" data-end=\"1525\">\n<p data-start=\"1511\" data-end=\"1525\">S\u00f3l: 0,001 g<\/p>\n<\/li>\n<\/ul>\n<p data-start=\"661\" data-end=\"805\"><strong data-start=\"661\" data-end=\"682\">Kraj pochodzenia:<\/strong> Wyprodukowano w Ukraina\u00a0<br data-start=\"692\" data-end=\"695\" \/><strong data-start=\"695\" data-end=\"719\">Termin przydatno\u015bci:<\/strong> 09.08.2026r<\/p>\n<\/div>\n<p><!-- .vgblk-rw-wrapper --><\/p>\n","protected":false},"excerpt":{"rendered":"<p data-start=\"106\" data-end=\"363\">Morela z orzechem w\u0142oskim w czekoladzie<\/p>\n","protected":false},"featured_media":992635,"comment_status":"closed","ping_status":"closed","template":"","meta":[],"product_brand":[],"product_cat":[137],"product_tag":[],"class_list":{"0":"post-992629","1":"product","2":"type-product","3":"status-publish","4":"has-post-thumbnail","6":"product_cat-bakalie-w-czekoladzie-praliny","8":"first","9":"instock","10":"shipping-taxable","11":"purchasable","12":"product-type-variable"},"jetpack_sharing_enabled":true,"_links":{"self":[{"href":"https:\/\/mazelka.pl\/index.php?rest_route=\/wp\/v2\/product\/992629","targetHints":{"allow":["GET"]}}],"collection":[{"href":"https:\/\/mazelka.pl\/index.php?rest_route=\/wp\/v2\/product"}],"about":[{"href":"https:\/\/mazelka.pl\/index.php?rest_route=\/wp\/v2\/types\/product"}],"replies":[{"embeddable":true,"href":"https:\/\/mazelka.pl\/index.php?rest_route=%2Fwp%2Fv2%2Fcomments&post=992629"}],"version-history":[{"count":3,"href":"https:\/\/mazelka.pl\/index.php?rest_route=\/wp\/v2\/product\/992629\/revisions"}],"predecessor-version":[{"id":992639,"href":"https:\/\/mazelka.pl\/index.php?rest_route=\/wp\/v2\/product\/992629\/revisions\/992639"}],"wp:featuredmedia":[{"embeddable":true,"href":"https:\/\/mazelka.pl\/index.php?rest_route=\/wp\/v2\/media\/992635"}],"wp:attachment":[{"href":"https:\/\/mazelka.pl\/index.php?rest_route=%2Fwp%2Fv2%2Fmedia&parent=992629"}],"wp:term":[{"taxonomy":"product_brand","embeddable":true,"href":"https:\/\/mazelka.pl\/index.php?rest_route=%2Fwp%2Fv2%2Fproduct_brand&post=992629"},{"taxonomy":"product_cat","embeddable":true,"href":"https:\/\/mazelka.pl\/index.php?rest_route=%2Fwp%2Fv2%2Fproduct_cat&post=992629"},{"taxonomy":"product_tag","embeddable":true,"href":"https:\/\/mazelka.pl\/index.php?rest_route=%2Fwp%2Fv2%2Fproduct_tag&post=992629"}],"curies":[{"name":"wp","href":"https:\/\/api.w.org\/{rel}","templated":true}]}}