{"id":991533,"date":"2025-12-01T21:25:51","date_gmt":"2025-12-01T20:25:51","guid":{"rendered":"https:\/\/mazelka.pl\/?post_type=product&#038;p=991533"},"modified":"2026-04-16T18:15:17","modified_gmt":"2026-04-16T16:15:17","slug":"opakowanie-bakalie-praliny-mix","status":"publish","type":"product","link":"https:\/\/mazelka.pl\/?product=opakowanie-bakalie-praliny-mix","title":{"rendered":"MIX bakalie w czekoladzie 250g (po 1 szt z ka\u017cdego rodzaju)"},"content":{"rendered":"<div class=\"vgblk-rw-wrapper limit-wrapper\">Opakowanie mie\u015bci MIX wszystkich dost\u0119pnych smak\u00f3w po1 szt<\/div>\n<p><!-- .vgblk-rw-wrapper --><\/p>\n","protected":false},"excerpt":{"rendered":"<p data-start=\"106\" data-end=\"363\">Opakowanie mie\u015bci 250g MIX pralin po 1 szt z ka\u017cdego rodzaju<\/p>\n","protected":false},"featured_media":992686,"comment_status":"closed","ping_status":"closed","template":"","meta":[],"product_brand":[],"product_cat":[137,135],"product_tag":[],"class_list":{"0":"post-991533","1":"product","2":"type-product","3":"status-publish","4":"has-post-thumbnail","6":"product_cat-bakalie-w-czekoladzie-praliny","7":"product_cat-nowosci","9":"first","10":"instock","11":"shipping-taxable","12":"purchasable","13":"product-type-simple"},"jetpack_sharing_enabled":true,"_links":{"self":[{"href":"https:\/\/mazelka.pl\/index.php?rest_route=\/wp\/v2\/product\/991533","targetHints":{"allow":["GET"]}}],"collection":[{"href":"https:\/\/mazelka.pl\/index.php?rest_route=\/wp\/v2\/product"}],"about":[{"href":"https:\/\/mazelka.pl\/index.php?rest_route=\/wp\/v2\/types\/product"}],"replies":[{"embeddable":true,"href":"https:\/\/mazelka.pl\/index.php?rest_route=%2Fwp%2Fv2%2Fcomments&post=991533"}],"version-history":[{"count":5,"href":"https:\/\/mazelka.pl\/index.php?rest_route=\/wp\/v2\/product\/991533\/revisions"}],"predecessor-version":[{"id":992676,"href":"https:\/\/mazelka.pl\/index.php?rest_route=\/wp\/v2\/product\/991533\/revisions\/992676"}],"wp:featuredmedia":[{"embeddable":true,"href":"https:\/\/mazelka.pl\/index.php?rest_route=\/wp\/v2\/media\/992686"}],"wp:attachment":[{"href":"https:\/\/mazelka.pl\/index.php?rest_route=%2Fwp%2Fv2%2Fmedia&parent=991533"}],"wp:term":[{"taxonomy":"product_brand","embeddable":true,"href":"https:\/\/mazelka.pl\/index.php?rest_route=%2Fwp%2Fv2%2Fproduct_brand&post=991533"},{"taxonomy":"product_cat","embeddable":true,"href":"https:\/\/mazelka.pl\/index.php?rest_route=%2Fwp%2Fv2%2Fproduct_cat&post=991533"},{"taxonomy":"product_tag","embeddable":true,"href":"https:\/\/mazelka.pl\/index.php?rest_route=%2Fwp%2Fv2%2Fproduct_tag&post=991533"}],"curies":[{"name":"wp","href":"https:\/\/api.w.org\/{rel}","templated":true}]}}