{"id":990668,"date":"2025-10-10T21:39:38","date_gmt":"2025-10-10T19:39:38","guid":{"rendered":"https:\/\/mazelka.pl\/?post_type=product&#038;p=990668"},"modified":"2026-04-14T17:32:17","modified_gmt":"2026-04-14T15:32:17","slug":"chalwa-slonecznikowa-mleczna-delikatnosc-270g","status":"publish","type":"product","link":"https:\/\/mazelka.pl\/?product=chalwa-slonecznikowa-mleczna-delikatnosc-270g","title":{"rendered":"CHA\u0141WA s\u0142onecznikowa &#8222;Mleczna delikatno\u015b\u0107&#8221; 270g"},"content":{"rendered":"<div class=\"vgblk-rw-wrapper limit-wrapper\">\n<p data-start=\"68\" data-end=\"126\"><strong data-start=\"68\" data-end=\"126\">Cha\u0142wa &#8222;Mleczna delikatno\u015b\u0107&#8221;<\/strong><\/p>\n<p data-start=\"128\" data-end=\"391\">Delikatna, tradycyjna cha\u0142wa o wyj\u0105tkowym aromacie wanilii. Przygotowana z najwy\u017cszej jako\u015bci pra\u017conych nasion s\u0142onecznika, doskonale kremowa, lekko krucha i rozp\u0142ywaj\u0105ca si\u0119 w ustach. To idealna propozycja na s\u0142odk\u0105 przek\u0105sk\u0119 \u2013 samodzielnie lub z fili\u017cank\u0105 kawy.<\/p>\n<p data-start=\"393\" data-end=\"623\"><strong data-start=\"393\" data-end=\"407\">Sk\u0142adniki:<\/strong><br data-start=\"407\" data-end=\"410\" \/>Ziarna s\u0142onecznika pra\u017cone, mielone \u2013 59,4%, syrop skrobiowy kukurydziany, cukier, <strong data-start=\"205\" data-end=\"224\">mleko w proszku<\/strong> \u2013 3,7%, ekstrakt z korzenia mydlnicy lekarskiej, aromat waniliowy, kwas cytrynowy, substancja konserwuj\u0105ca E330, aromat, emulgator. Mo\u017ce zawiera\u0107 \u015bladowe ilo\u015bci orzeszk\u00f3w ziemnych i sezamu.<\/p>\n<p data-start=\"978\" data-end=\"1061\"><strong data-start=\"978\" data-end=\"1016\">Warto\u015b\u0107 od\u017cywcza w 100 g produktu:<\/strong><br data-start=\"1016\" data-end=\"1019\" \/>Warto\u015b\u0107 energetyczna: 2394 kJ \/ 575 kcal<\/p>\n<ul data-start=\"1062\" data-end=\"1227\">\n<li data-start=\"1062\" data-end=\"1130\">\n<p data-start=\"1064\" data-end=\"1085\"><strong data-start=\"1064\" data-end=\"1076\">T\u0142uszcz:<\/strong> 41,1 g<\/p>\n<ul data-start=\"1088\" data-end=\"1130\">\n<li data-start=\"1088\" data-end=\"1130\">\n<p data-start=\"1090\" data-end=\"1130\">w tym kwasy t\u0142uszczowe nasycone: 4,2 g<\/p>\n<\/li>\n<\/ul>\n<\/li>\n<li data-start=\"1131\" data-end=\"1184\">\n<p data-start=\"1133\" data-end=\"1158\"><strong data-start=\"1133\" data-end=\"1149\">W\u0119glowodany:<\/strong> 36,5 g<\/p>\n<ul data-start=\"1161\" data-end=\"1184\">\n<li data-start=\"1161\" data-end=\"1184\">\n<p data-start=\"1163\" data-end=\"1184\">w tym cukry: 26,1 g<\/p>\n<\/li>\n<\/ul>\n<\/li>\n<li data-start=\"1185\" data-end=\"1207\">\n<p data-start=\"1187\" data-end=\"1207\"><strong data-start=\"1187\" data-end=\"1198\">Bia\u0142ko:<\/strong> 15 g<\/p>\n<\/li>\n<li data-start=\"1208\" data-end=\"1227\">\n<p data-start=\"1210\" data-end=\"1227\"><strong data-start=\"1210\" data-end=\"1218\">S\u00f3l:<\/strong> 0,15 g<\/p>\n<\/li>\n<\/ul>\n<\/div>\n<p><!-- .vgblk-rw-wrapper --><\/p>\n","protected":false},"excerpt":{"rendered":"<p data-start=\"106\" data-end=\"363\"><strong data-start=\"68\" data-end=\"126\">Cha\u0142wa &#8222;Mleczna delikatno\u015b\u0107&#8221;<\/strong><\/p>\n","protected":false},"featured_media":990669,"comment_status":"closed","ping_status":"closed","template":"","meta":[],"product_brand":[],"product_cat":[50,37,39,44,71,46,77,75,76],"product_tag":[],"class_list":{"0":"post-990668","1":"product","2":"type-product","3":"status-publish","4":"has-post-thumbnail","6":"product_cat-chalwa","7":"product_cat-pianki","8":"product_cat-piankimix","9":"product_cat-zelki","10":"product_cat-jogurtowe","11":"product_cat-kwasne","12":"product_cat-lukrecjowe","13":"product_cat-mix","14":"product_cat-slodkie","16":"first","17":"instock","18":"shipping-taxable","19":"purchasable","20":"product-type-simple"},"jetpack_sharing_enabled":true,"_links":{"self":[{"href":"https:\/\/mazelka.pl\/index.php?rest_route=\/wp\/v2\/product\/990668","targetHints":{"allow":["GET"]}}],"collection":[{"href":"https:\/\/mazelka.pl\/index.php?rest_route=\/wp\/v2\/product"}],"about":[{"href":"https:\/\/mazelka.pl\/index.php?rest_route=\/wp\/v2\/types\/product"}],"replies":[{"embeddable":true,"href":"https:\/\/mazelka.pl\/index.php?rest_route=%2Fwp%2Fv2%2Fcomments&post=990668"}],"version-history":[{"count":3,"href":"https:\/\/mazelka.pl\/index.php?rest_route=\/wp\/v2\/product\/990668\/revisions"}],"predecessor-version":[{"id":991937,"href":"https:\/\/mazelka.pl\/index.php?rest_route=\/wp\/v2\/product\/990668\/revisions\/991937"}],"wp:featuredmedia":[{"embeddable":true,"href":"https:\/\/mazelka.pl\/index.php?rest_route=\/wp\/v2\/media\/990669"}],"wp:attachment":[{"href":"https:\/\/mazelka.pl\/index.php?rest_route=%2Fwp%2Fv2%2Fmedia&parent=990668"}],"wp:term":[{"taxonomy":"product_brand","embeddable":true,"href":"https:\/\/mazelka.pl\/index.php?rest_route=%2Fwp%2Fv2%2Fproduct_brand&post=990668"},{"taxonomy":"product_cat","embeddable":true,"href":"https:\/\/mazelka.pl\/index.php?rest_route=%2Fwp%2Fv2%2Fproduct_cat&post=990668"},{"taxonomy":"product_tag","embeddable":true,"href":"https:\/\/mazelka.pl\/index.php?rest_route=%2Fwp%2Fv2%2Fproduct_tag&post=990668"}],"curies":[{"name":"wp","href":"https:\/\/api.w.org\/{rel}","templated":true}]}}