{"id":989812,"date":"2025-08-08T00:03:33","date_gmt":"2025-08-07T22:03:33","guid":{"rendered":"https:\/\/mazelka.pl\/?post_type=product&#038;p=989812"},"modified":"2026-03-28T16:59:54","modified_gmt":"2026-03-28T15:59:54","slug":"pojemnik-z-pokrywka-750ml-500g","status":"publish","type":"product","link":"https:\/\/mazelka.pl\/?product=pojemnik-z-pokrywka-750ml-500g","title":{"rendered":"Pojemnik z pokrywk\u0105 750ml, mie\u015bci 500g \u017celek lub 200g pianek"},"content":{"rendered":"<div class=\"vgblk-rw-wrapper limit-wrapper\">\n<p data-start=\"106\" data-end=\"363\">Pojemnik z tworzywa sztucznego z pokrywk\u0105 750ml<\/p>\n<\/div>\n<p><!-- .vgblk-rw-wrapper --><\/p>\n","protected":false},"excerpt":{"rendered":"<p data-start=\"106\" data-end=\"363\">Pojemnik z tworzywa sztucznego z pokrywk\u0105 750ml\/500g<\/p>\n","protected":false},"featured_media":989813,"comment_status":"closed","ping_status":"closed","template":"","meta":[],"product_brand":[],"product_cat":[44,75],"product_tag":[],"class_list":{"0":"post-989812","1":"product","2":"type-product","3":"status-publish","4":"has-post-thumbnail","6":"product_cat-zelki","7":"product_cat-mix","9":"first","10":"instock","11":"shipping-taxable","12":"purchasable","13":"product-type-simple"},"jetpack_sharing_enabled":true,"_links":{"self":[{"href":"https:\/\/mazelka.pl\/index.php?rest_route=\/wp\/v2\/product\/989812","targetHints":{"allow":["GET"]}}],"collection":[{"href":"https:\/\/mazelka.pl\/index.php?rest_route=\/wp\/v2\/product"}],"about":[{"href":"https:\/\/mazelka.pl\/index.php?rest_route=\/wp\/v2\/types\/product"}],"replies":[{"embeddable":true,"href":"https:\/\/mazelka.pl\/index.php?rest_route=%2Fwp%2Fv2%2Fcomments&post=989812"}],"version-history":[{"count":5,"href":"https:\/\/mazelka.pl\/index.php?rest_route=\/wp\/v2\/product\/989812\/revisions"}],"predecessor-version":[{"id":991552,"href":"https:\/\/mazelka.pl\/index.php?rest_route=\/wp\/v2\/product\/989812\/revisions\/991552"}],"wp:featuredmedia":[{"embeddable":true,"href":"https:\/\/mazelka.pl\/index.php?rest_route=\/wp\/v2\/media\/989813"}],"wp:attachment":[{"href":"https:\/\/mazelka.pl\/index.php?rest_route=%2Fwp%2Fv2%2Fmedia&parent=989812"}],"wp:term":[{"taxonomy":"product_brand","embeddable":true,"href":"https:\/\/mazelka.pl\/index.php?rest_route=%2Fwp%2Fv2%2Fproduct_brand&post=989812"},{"taxonomy":"product_cat","embeddable":true,"href":"https:\/\/mazelka.pl\/index.php?rest_route=%2Fwp%2Fv2%2Fproduct_cat&post=989812"},{"taxonomy":"product_tag","embeddable":true,"href":"https:\/\/mazelka.pl\/index.php?rest_route=%2Fwp%2Fv2%2Fproduct_tag&post=989812"}],"curies":[{"name":"wp","href":"https:\/\/api.w.org\/{rel}","templated":true}]}}