{"id":988941,"date":"2025-07-06T21:21:41","date_gmt":"2025-07-06T19:21:41","guid":{"rendered":"https:\/\/mazelka.pl\/?post_type=product&#038;p=988941"},"modified":"2025-11-19T18:04:31","modified_gmt":"2025-11-19T17:04:31","slug":"pianki-slodkie-croissant-z-czekolada","status":"publish","type":"product","link":"https:\/\/mazelka.pl\/?product=pianki-slodkie-croissant-z-czekolada","title":{"rendered":"Pianki s\u0142odkie &#8222;Croissant z czekolad\u0105&#8221;"},"content":{"rendered":"<div class=\"vgblk-rw-wrapper limit-wrapper\">\n<p data-start=\"106\" data-end=\"363\">Pianki s\u0142odkie &#8222;Croissant z czekolad\u0105&#8221;<\/p>\n<p data-start=\"132\" data-end=\"267\">Delikatne, puszyste pianki o intensywnym owocowym smaku. Kolorowe, lekkie i rozp\u0142ywaj\u0105ce si\u0119 w ustach \u2013 idealne dla dzieci i doros\u0142ych!<\/p>\n<p data-start=\"301\" data-end=\"712\"><strong data-start=\"301\" data-end=\"315\">Sk\u0142adniki:<\/strong><br data-start=\"315\" data-end=\"318\" \/>Cukier, syrop glukozowo-fruktozowy, woda, olejki ro\u015blinne (s\u0142onecznikowy, palmowy, z nasion bawe\u0142ny, szafranowy, z otr\u0119b\u00f3w ry\u017cowych), \u017celatyna, pe\u0142ne mleko w proszku, laktoza w proszku, odt\u0142uszczone mleko w proszku, kakao o obni\u017conej zawarto\u015bci t\u0142uszczu, alkalizowane kakao o obni\u017conej zawarto\u015bci t\u0142uszczu, aromaty, barwnik: karmel amoniakalny, emulgator: lecytyna sojowa, skrobia kukurydziana.<\/p>\n<p data-start=\"801\" data-end=\"832\"><strong data-start=\"801\" data-end=\"830\">Warto\u015bci od\u017cywcze w 100g:<\/strong><\/p>\n<ul data-start=\"833\" data-end=\"1018\">\n<li data-start=\"833\" data-end=\"877\">\n<p data-start=\"835\" data-end=\"877\">Warto\u015b\u0107 energetyczna: 1711 kJ \/ 404 kcal<\/p>\n<\/li>\n<li data-start=\"878\" data-end=\"941\">\n<p data-start=\"880\" data-end=\"896\">T\u0142uszcz: 4,8 g<\/p>\n<ul data-start=\"899\" data-end=\"941\">\n<li data-start=\"899\" data-end=\"941\">\n<p data-start=\"901\" data-end=\"941\">w tym kwasy t\u0142uszczowe nasycone: 1,5 g<\/p>\n<\/li>\n<\/ul>\n<\/li>\n<li data-start=\"942\" data-end=\"987\">\n<p data-start=\"944\" data-end=\"963\">W\u0119glowodany: 87 g<\/p>\n<ul data-start=\"966\" data-end=\"987\">\n<li data-start=\"966\" data-end=\"987\">\n<p data-start=\"968\" data-end=\"987\">w tym cukry: 74 g<\/p>\n<\/li>\n<\/ul>\n<\/li>\n<li data-start=\"988\" data-end=\"1003\">\n<p data-start=\"990\" data-end=\"1003\">Bia\u0142ko: 3 g<\/p>\n<\/li>\n<li data-start=\"1004\" data-end=\"1018\">\n<p data-start=\"1006\" data-end=\"1018\">S\u00f3l: &lt;0,08 g<\/p>\n<\/li>\n<\/ul>\n<p data-start=\"619\" data-end=\"682\"><strong data-start=\"619\" data-end=\"638\">Przechowywanie:<\/strong><br data-start=\"638\" data-end=\"641\" \/>Przechowywa\u0107 w suchym i ch\u0142odnym miejscu.<\/p>\n<p data-start=\"684\" data-end=\"832\"><strong data-start=\"684\" data-end=\"709\">Informacje dodatkowe:<\/strong><br data-start=\"709\" data-end=\"712\" \/>Wyprodukowano w UE.<br data-start=\"731\" data-end=\"734\" \/>Dok\u0142adna data przydatno\u015bci znajduje si\u0119 na opakowaniu (nie kr\u00f3tsza ni\u017c 2 miesi\u0105ce od daty zakupu).<\/p>\n<\/div>\n<p><!-- .vgblk-rw-wrapper --><\/p>\n","protected":false},"excerpt":{"rendered":"<p data-start=\"106\" data-end=\"363\">Pianki s\u0142odkie &#8222;Croissant z czekolad\u0105&#8221;<\/p>\n","protected":false},"featured_media":988947,"comment_status":"closed","ping_status":"closed","template":"","meta":[],"product_brand":[],"product_cat":[37],"product_tag":[],"class_list":{"0":"post-988941","1":"product","2":"type-product","3":"status-publish","4":"has-post-thumbnail","6":"product_cat-pianki","8":"first","9":"instock","10":"shipping-taxable","11":"purchasable","12":"product-type-variable"},"jetpack_sharing_enabled":true,"_links":{"self":[{"href":"https:\/\/mazelka.pl\/index.php?rest_route=\/wp\/v2\/product\/988941","targetHints":{"allow":["GET"]}}],"collection":[{"href":"https:\/\/mazelka.pl\/index.php?rest_route=\/wp\/v2\/product"}],"about":[{"href":"https:\/\/mazelka.pl\/index.php?rest_route=\/wp\/v2\/types\/product"}],"replies":[{"embeddable":true,"href":"https:\/\/mazelka.pl\/index.php?rest_route=%2Fwp%2Fv2%2Fcomments&post=988941"}],"version-history":[{"count":2,"href":"https:\/\/mazelka.pl\/index.php?rest_route=\/wp\/v2\/product\/988941\/revisions"}],"predecessor-version":[{"id":990030,"href":"https:\/\/mazelka.pl\/index.php?rest_route=\/wp\/v2\/product\/988941\/revisions\/990030"}],"wp:featuredmedia":[{"embeddable":true,"href":"https:\/\/mazelka.pl\/index.php?rest_route=\/wp\/v2\/media\/988947"}],"wp:attachment":[{"href":"https:\/\/mazelka.pl\/index.php?rest_route=%2Fwp%2Fv2%2Fmedia&parent=988941"}],"wp:term":[{"taxonomy":"product_brand","embeddable":true,"href":"https:\/\/mazelka.pl\/index.php?rest_route=%2Fwp%2Fv2%2Fproduct_brand&post=988941"},{"taxonomy":"product_cat","embeddable":true,"href":"https:\/\/mazelka.pl\/index.php?rest_route=%2Fwp%2Fv2%2Fproduct_cat&post=988941"},{"taxonomy":"product_tag","embeddable":true,"href":"https:\/\/mazelka.pl\/index.php?rest_route=%2Fwp%2Fv2%2Fproduct_tag&post=988941"}],"curies":[{"name":"wp","href":"https:\/\/api.w.org\/{rel}","templated":true}]}}